.
-28
Let m(p) = p**3 + 104*p**2 + 72*p - 3164. What is m(-103)?
29
Let h(z) = -75*z + 3819. Calculate h(50).
69
Let i(q) = -q**3 - 26*q**2 + 103*q + 468. What is i(-29)?
4
Let x(v) = -v**2 + 36*v + 157. Determine x(-4).
-3
Let p(g) = 301*g - 3239. Determine p(10).
-229
Let h(g) = -51*g**2 + 259*g - 13. Determine h(5).
7
Let c(y) = -2589*y - 5. What is c(0)?
-5
Let l(v) = -37*v + 1595. Determine l(43).
4
Let t(u) = u**2 - 42*u + 1. Calculate t(-4).
185
Let o(f) = -374*f + 3322. Give o(9).
-44
Let w(i) = i**2 - 2087*i - 20959. What is w(-10)?
11
Let u(c) = -39*c + 183. Determine u(10).
-207
Let c(k) = 832*k - 1664. Calculate c(2).
0
Let w(x) = -x**3 + 6*x**2 + 6*x - 36. Determine w(4).
20
Let z(f) = 3*f**3 - 33*f**2 - 15*f + 15. What is z(11)?
-150
Let o(u) = -3*u**3 + 25*u**2 + 45*u - 313. Calculate o(9).
-70
Let u(v) = 415*v - 133. Calculate u(2).
697
Let n(g) = g**3 - 14*g**2 + 2*g + 62. What is n(13)?
-81
Let h(w) = 189*w + 5814. Give h(-31).
-45
Let p(f) = -4*f**2 + 107*f - 31. Determine p(26).
47
Let b(l) = -l**3 + 3*l**2 - 29*l + 74. Give b(3).
-13
Let a(u) = -29*u + 140. What is a(-10)?
430
Let y(z) = 2*z**2 - 307*z + 2503. Give y(8).
175
Let q(n) = 96*n + 290. Calculate q(-3).
2
Let i(b) = -2*b**2 - 4*b + 52. Determine i(5).
-18
Let z(p) = p**2 - 39*p - 556. Calculate z(-11).
-6
Let u(d) = 2857*d - 48583. What is u(17)?
-14
Let j(w) = 1060*w + 11670. Determine j(-11).
10
Let g(i) = 202*i - 1212. What is g(6)?
0
Let n(q) = 7761*q - 77607. Calculate n(10).
3
Let z(y) = y**3 + 28*y**2 + 191*y - 12. Calculate z(-16).
4
Let o(r) = 6*r**3 + 15*r**2 - 20*r + 11. What is o(-6)?
-625
Let k(a) = -a**3 + 8*a**2 + 39*a - 279. What is k(5)?
-9
Let w(n) = 3*n**3 + 31*n**2 + 19*n + 25. Give w(-11).
-426
Let j(v) = 81*v + 4854. Give j(-60).
-6
Let f(v) = 20*v**2 + v - 7. What is f(-2)?
71
Let i(r) = -41*r**2 + 387*r - 166. Calculate i(9).
-4
Let d(g) = -g**3 + 14*g**2 - 29*g - 14. Calculate d(12).
-74
Let z(x) = -x**2 - 25*x + 65. Calculate z(-44).
-771
Let d(x) = -545*x + 21. Determine d(0).
21
Let p(v) = -v**2 - 120*v + 235. Calculate p(-118).
471
Let q(w) = 18*w**2 - 535*w - 722. Calculate q(31).
-9
Let h(n) = 17*n**2 - 1068*n - 174. Calculate h(63).
15
Let o(x) = -5468*x + 60162. What is o(11)?
14
Let w(o) = o**3 - 4*o**2 - 3*o - 16. Give w(5).
-6
Let b(l) = l**3 + 19*l**2 - 51. Give b(-19).
-51
Let c(z) = -62*z - 651. Calculate c(-10).
-31
Let r(t) = -10*t**2 + 51*t + 111. Calculate r(-2).
-31
Let b(s) = 107*s - 1455. Give b(14).
43
Let y(b) = 436*b - 5743. What is y(13)?
-75
Let b(a) = 17*a**3 - 70*a**2 - 9*a + 34. Determine b(4).
-34
Let x(q) = -22*q + 2602. Give x(112).
138
Let a(c) = -11*c**3 - 2*c**2 + 12*c - 10. Determine a(1).
-11
Let k(d) = 2*d**2 + 2*d - 42. What is k(-6)?
18
Let k(g) = g**2 + 47*g + 277. Determine k(-35).
-143
Let g(c) = 37*c + 684. Determine g(-18).
18
Let h(u) = -u**3 - 20*u**2 - 240*u - 2818. Determine h(-16).
-2
Let o(y) = -19*y + 323. Determine o(16).
19
Let w(t) = t**3 + 137*t**2 + 784*t - 214. What is w(-131)?
48
Let q(w) = -6*w**3 - 185*w**2 + 190*w - 3. Give q(1).
-4
Let c(d) = 3*d**2 - 4675*d + 9345. What is c(2)?
7
Let y(j) = -46*j**2 - 627*j + 626. Determine y(1).
-47
Let o(n) = -n**2 - 35*n - 255. Determine o(-17).
51
Let m(v) = -950*v - 17092. Determine m(-18).
8
Let r(q) = -q**2 - 52*q + 575. What is r(9)?
26
Let s(u) = 6303*u - 25216. What is s(4)?
-4
Let j(i) = 3*i**3 - 42*i**2 - 2*i + 37. Calculate j(14).
9
Let g(j) = -4*j**2 + 41*j - 50. What is g(-5)?
-355
Let p(g) = 12655*g + 50611. Determine p(-4).
-9
Let m(f) = 3*f**3 - 13*f**2 + 26*f - 194. What is m(5)?
-14
Let b(j) = j**3 + 16*j**2 - 29*j - 208. Calculate b(-17).
-4
Let b(f) = -2*f**2 - 48*f - 231. Determine b(-17).
7
Let t(w) = -w**3 - 143*w**2 + 733*w + 33. Determine t(5).
-2
Let o(x) = -x**3 + 41*x**2 - 87*x + 290. Calculate o(39).
-61
Let n(x) = x**3 + 9*x**2 - 3*x - 77. What is n(-8)?
11
Let a(g) = -6*g - 78. What is a(-14)?
6
Let d(n) = n**3 + 20*n**2 - 2*n - 47. Give d(-20).
-7
Let x(m) = -m**2 - 101*m + 555. Calculate x(-107).
-87
Let m(i) = 276*i - 4536. Determine m(16).
-120
Let o(d) = 22*d**2 + 79*d + 22. Calculate o(-4).
58
Let k(b) = -b**3 - 59*b**2 + 121*b + 5. Give k(-61).
66
Let z(b) = 31*b**3 + 2*b**2 - 5*b + 2. Determine z(1).
30
Let n(w) = 2*w**3 - 5*w**2 - 2*w + 164. Determine n(0).
164
Let d(v) = 159*v + 946. Calculate d(-7).
-167
Let c(o) = o**2 + 37*o - 318. What is c(7)?
-10
Let d(i) = -65*i + 715. Calculate d(13).
-130
Let r(q) = -91*q - 107. What is r(0)?
-107
Let f(p) = 34*p + 1138. Give f(-37).
-120
Let t(x) = 8*x**2 - 190*x - 59. What is t(24)?
-11
Let j(l) = l**3 + 33*l**2 - 126*l - 266. Give j(-36).
382
Let g(f) = -3*f**3 + 207*f**2 + 4*f - 258. What is g(69)?
18
Let k(p) = -21*p**3 - 253*p**2 - 13*p - 58. Calculate k(-12).
-46
Let n(a) = 1514*a + 12098. What is n(-8)?
-14
Let v(w) = w**3 - 21*w**2 + 63*w - 180. Give v(18).
-18
Let n(o) = 5*o**3 - 225*o**2 - 5*o + 245. Give n(45).
20
Let p(w) = -w**3 - 18*w**2 + 651*w + 12046. Determine p(-19).
38
Let f(c) = 380*c + 5346. Give f(-14).
26
Let w(k) = k**3 + 31*k**2 + 61*k + 48. Determine w(-29).
-39
Let c(g) = 45*g - 378. What is c(11)?
117
Let d(x) = -10*x**2 + 2*x - 3. What is d(8)?
-627
Let q(t) = -t**3 + 83*t**2 - 1729*t + 514. Give q(39).
7
Let t(w) = -w**3 + 34*w**2 - 140*w - 126. Calculate t(29).
19
Let f(i) = i**2 + i - 55. Determine f(-9).
17
Let t(o) = -78*o + 28. What is t(-1)?
106
Let a(m) = -2*m**3 - 59*m**2 + 51*m + 7. Calculate a(-30).
-623
Let g(t) = -3*t - 2. Give g(12).
-38
Let h(s) = s**3 - 161*s**2 - 199*s + 5998. Give h(162).
4
Let a(g) = -3*g**3 + 3*g**2 + g - 33. What is a(-6)?
717
Let g(m) = 13*m**2 - 24*m + 22. Calculate g(3).
67
Let p(r) = 69*r - 102. Give p(7).
381
Let a(u) = -3*u**2 + 54*u - 195. Calculate a(13).
0
Let w(o) = -52*o + 309. Give w(6).
-3
Let m(s) = 707*s**3 - s**2 - 5*s + 10. Give m(1).
711
Let j(q) = 2*q**3 - 10*q**2 - 24*q + 107. Give j(5).
-13
Let g(b) = 2*b**3 - 210*b**2 + 1185*b + 284. Calculate g(99).
-13
Let w(m) = 7*m**3 + 7*m**2 - 21*m - 107. Give w(-4).
-359
Let c(v) = -234*v - 966. What is c(-5)?
204
Let p(n) = n**3 + 15*n**2 + 56*n + 33. Calculate p(-8).
33
Let j(f) = -f**2 - 46*f + 607. What is j(-55)?
112
Let h(y) = 92*y - 759. What is h(8)?
-23
Let q(d) = 104*d - 9146. Give q(88).
6
Let k(t) = -80*t**2 - 2063*t + 434. Give k(-26).
-8
Let f(l) = 8*l**2 + 30*l + 84. What is f(-3)?
66
Let h(f) = 24*f**2 - 36*f + 2. Determine h(1).
-10
Let r(p) = 4*p**2 + 14*p + 31. Calculate r(-3).
25
Let p(o) = o**3 + 26*o**2 - 23*o + 77. Calculate p(-27).
-31
Let u(s) = -s**3 - 12*s**2 - 11*s + 62. Give u(-4).
-22
Let d(b) = -3*b**2 + 246*b + 1580. Give d(88).
-4
Let j(b) = -b**3 - 26*b**2 - 65*b + 20. What is j(-23)?
-72
Let c(h) = -2*h**3 - 84*h**2 - 303*h + 37. Calculate c(-38).
-1
Let s(y) = -24373*y - 194979. Calculate s(-8).
5
Let h(q) = 256*q - 773. Give h(3).
-5
Let k(x) = -x**2 - 7*x + 460. Determine k(-25).
10
Let m(u) = 30*u - 5954. Determine m(198).
-14
Let x(u) = u**3 - 26*u**2 + 44*u + 83. Calculate x(24).
-13
Let p(f) = 206*f - 11116. Determine p(54).
8
Let d(b) = -129*b + 40. Give d(-1).
169
Let q(a) = a**2 + 67*a - 2709. Determine q(29).
75
Let i(u) = u**3 - u**2 + 70*u - 254. What is i(4)?
74
Let o(u) = -u**2 - 340*u + 2443. Determine o(7).
14
Let j(k) = 5*k**2 + 30*k + 168. Determine j(-12).
528
Let i(o) = 11*o + 84. What is i(-8)?
-4
Let n(c) = -c**2 + 3*c + 221. Give n(-14).
-17
Let i(d) = -2*d**3 + 20*d**2 + 12*d - 33. What is i(10)?
87
Let p(f) = 3*f**2 - 40*f + 93. Calculate p(8).
-35
Let h(o) = 126*o + 7860. Give h(-62).
48
Let s(l) = 2*l**2 + 25*l + 7. What is s(-11)?
-26
Let o(q) = -q**2 - 91*q + 5587. What is o(-133)?
1
Let i(u) = 2*u**3 - 39*u**2 + 24*u - 44. Calculate i(19).
51
Let h(m) = -8*m + 137. Determine h(13).
33
Let n(b) = 2*b**3 + 19*b**2 - 167*b + 2. What is n(-15)?
32
Let p(r) = r**3 - 25*r**2 - 19*r - 951. Calculate p(27).
-6
Let s(q) = 6*q**3 + 4*q**2 - 2*q - 1. What is s(1)?
7
Let m(u) = -406*u**2 + 3243*u + 63. Calculate m(8).
23
Let n(s) = -s**3 + 105*s**2 - 271*s - 3563. Determine n(102).
7
Let i(b) = -14*b**3 + 406*b**2 + 5*b - 110. What is i(29)?
35
Let k(g) = 14*g**2 + 139*g - 287. Calculate k(2).
47
Let u(s) = 16*s + 158. Calculate u(-13).
-50
Let x(u) = -27*u**3 - 3*u**2